What are the prime factors of u?
3, 1627
Let g = -349 - -111. Let i = 97 - g. List the prime factors of i.
5, 67
Suppose 121*m - 5968578 = 1860364. List the prime factors of m.
2, 11, 17, 173
Suppose -300*v = -271*v - 666652. List the prime factors of v.
2, 7, 821
Suppose f + 1 = -1, -g = 5*f + 10. Suppose g = 5*d - 841 - 514. What are the prime factors of d?
271
Let j be (-75)/5 + -6 - -3. List the prime factors of (-536)/12*135/j.
5, 67
Let s(v) = 11*v - 32. Let b be s(0). Let t = 396 + b. What are the prime factors of t?
2, 7, 13
Suppose -2 + 6 = o. Suppose 4*p = o*s - 6*s + 1198, -p = 5*s - 3022. What are the prime factors of s?
5, 11
Let w(r) = -r**3 - 3*r**3 + 8*r**3 - 13*r + 2 - 3*r**3 - 13*r**2. Let g be w(14). List the prime factors of (g/(-2))/(10/(-45)).
2, 3
Let k be -5 - (4 + -4) - (-3482)/2. Suppose -4*w = -4*i - k, -4*w - 7*i + 1733 = -8*i. List the prime factors of w.
433
Let f(q) = -q**3 - 2*q**2 + 12*q - 7. Let s be f(-5). What are the prime factors of (22/s)/(22/1936)?
2, 11
Let x(c) = 96*c**2 + 26*c + 6. What are the prime factors of x(-19)?
2, 4271
Let g(t) be the first derivative of -t**4/4 + 8*t**3/3 - 2*t**2 + 8*t - 1. Let m be (-3)/(6/(-4)) + 4. List the prime factors of g(m).
2, 7
Let f(r) be the second derivative of r**3 - 45*r**2/2 - 24*r. Let j be f(8). Suppose 1404 = 12*t - j*t. List the prime factors of t.
2, 3, 13
Suppose -25*t + 6*t + 19912 = 0. Suppose -5*k + 5888 = t. List the prime factors of k.
2, 11
Let a be (-97)/(-3) + (-8)/6. Let c = a + -58. Let p = 80 + c. List the prime factors of p.
53
Let y = -8922 - -21157. List the prime factors of y.
5, 2447
Let i(a) = -a**3 + 42*a**2 + 40*a - 306. List the prime factors of i(32).
2, 3, 7, 89
Let m(v) = 22*v - 12. Let n be m(6). Let j be 510/n - 1/4. Suppose d - j*d + 3*z + 591 = 0, -z - 1 = 0. List the prime factors of d.
2, 7
Let n(f) = -1251*f**3 + 8*f**2 - 40*f - 157. What are the prime factors of n(-3)?
2, 79, 107
Suppose -5*o + 5*h + 15 = 0, 0 = -o - 3*o - h + 27. Let n = o + -2. List the prime factors of 16 - -9 - n/(-1).
29
Suppose 0 = -12*t + 14*t - 4. Suppose 3*f - 17 + t = 0, -2*u = 3*f - 69. Let m = u - 25. What are the prime factors of m?
2
Let y = 63 - 73. Let j(k) = -3*k + 21. Let t be j(y). Suppose -3*p + t = -2*p + 3*z, -5*p + 255 = 2*z. List the prime factors of p.
3, 17
What are the prime factors of (11438/(-21))/((-439)/(-147) + (-258)/86)?
7, 19, 43
Let z(p) = -4 + 7 + p**2 + 7 + 12*p. Let t be z(-12). List the prime factors of (t + -1)*(1 - -10).
3, 11
What are the prime factors of 8/16 - ((-160248)/16 - -9)?
10007
List the prime factors of -25*21/(-35) - -7920.
3, 5, 23
Let b(c) = -2 - 2*c**2 + 13*c + 21 - 2. Let f be b(13). What are the prime factors of f/(-4) + (-3 - -2)?
37
Let n = 252 - -42. Suppose -g = 2*g + 9, -2*g - n = -4*l. List the prime factors of l.
2, 3
Suppose 0*t = 142*t - 2212218. What are the prime factors of t?
3, 577
Suppose 0 = -2*x + n - 5861 + 26406, 5*n = 3*x - 30842. What are the prime factors of x?
3, 7, 163
Let j(m) be the third derivative of -m**4/4 + 59*m**3/6 + 49*m**2. What are the prime factors of j(-27)?
13, 17
Let j(o) = -o**3 + 2*o**2 - o + 3552. Let g be j(0). Suppose 16*c = 24*c - g. List the prime factors of c.
2, 3, 37
Suppose 0 = 2*c - 2*z - 6172, -3*c - 4539 + 13785 = 3*z. Suppose -c = 21*x - 33*x. List the prime factors of x.
257
Let u(i) = i**3 - 3*i**2 - 5*i + 6. Let v be (-1)/((-5 - -2)/12). Let y be u(v). List the prime factors of 0 + 94/(y/1).
47
Let g(c) = 14*c**2 - 5*c + 8. Let i be g(-4). List the prime factors of 7/(i/5514)*-2*-3.
919
Let u = -20617 - -35642. List the prime factors of u.
5, 601
Let n be -1*(4 - 4)/1. Suppose l + 2*h = 6*l + 86, n = 3*l + 2*h + 58. Let b(r) = r**3 + 17*r**2 - 22*r - 7. List the prime factors of b(l).
5, 13
Suppose -5*o + 139 + 370 = -3*m, -m - 169 = -o. Let v = m - -277. Let n = v + 21. List the prime factors of n.
2, 5, 13
Suppose -161486 - 161136 = -23*o + 54049. What are the prime factors of o?
3, 53, 103
Let k(y) be the first derivative of 2*y**3/3 + y**2/2 + 512*y + 29. Let g be k(0). Suppose -g = -6*t - 176. List the prime factors of t.
2, 7
Let x be (4 - 85)*(-1)/(-3 + 2). Let l = 652 - x. What are the prime factors of l?
733
Let g(a) = -2*a**3 - 11*a**2 - 4*a - 57. Let k be g(-6). Suppose -5*f = -3*m + 3134, -5*m + 6*f - k*f = -5218. List the prime factors of m.
7, 149
Let h(a) = 221*a - 6. Let t = 35 - 31. Let i be h(t). Suppose 0*m + 2*j = 4*m - i, m - 3*j = 222. List the prime factors of m.
3, 73
Let q be (-24)/(-9)*12/32*4. Suppose -2*b = q*p - 768, -4*p - 930 = -9*p + 5*b. List the prime factors of p.
2, 5, 19
Suppose -224 = 13*h + 153. Let m(b) = -b**3 - 27*b**2 + 16*b + 60. What are the prime factors of m(h)?
2, 3, 71
Let l(g) = -13220*g - 176. List the prime factors of l(-3).
2, 9871
Let l(k) be the third derivative of -25*k**2 + 8*k**3 + 0 + 0*k - 23/12*k**4. What are the prime factors of l(-4)?
2, 29
Suppose -4*h + 3*p = -h - 633, 5*h - 4*p - 1050 = 0. List the prime factors of h.
2, 103
Let d(n) = n**3 + 11*n**2 + 4. Let z be d(-11). Let q be (-18472)/(-28) - z/(-14). Suppose 14*k + q = 18*k. List the prime factors of k.
3, 5, 11
Suppose 2*i + 10 = -86. Let h be (16/6 + 1)/((-16)/i). Suppose -5*o + 5*l = -155, -o = 2*l + l - h. What are the prime factors of o?
2, 13
Suppose -14 = -4*o - 2*d, 2*d = 2*o - 7*o + 18. Suppose 3*y - 1261 = -o*t, 3*y + 3*t - 8*t - 1306 = 0. What are the prime factors of y?
7, 61
Let h be (-3)/((-2 + (-28)/(-12))*-1). Let m be h + 6536/20 - (-1)/5. Suppose 14*v + m = 16*v. List the prime factors of v.
2, 3, 7
Let u = 78312 + -810. What are the prime factors of u?
2, 3, 12917
Let z(g) = -4691*g + 1476. List the prime factors of z(-10).
2, 13, 1861
Let q(k) = 11*k - 149. Let y be q(14). Suppose 4 = -4*p, y*l + 3*p - 416 = 711. List the prime factors of l.
2, 113
Let k = -48 + 74. Suppose -29*p + k*p + 96 = 0. Suppose p*f + 480 = 37*f. What are the prime factors of f?
2, 3
Let v = 190 + -186. Suppose -v*r = 17*r - 8841. What are the prime factors of r?
421
What are the prime factors of ((-42)/(-4) - 3)*44/(-66) - -13535?
2, 3, 5, 11, 41
Suppose 0 = -k - 1 + 4. Suppose -3*i - 6 = k. List the prime factors of 5/(25/740) - i.
151
Let x(c) = 668*c - 1654. List the prime factors of x(13).
2, 5, 19, 37
Let b be (384/(-60))/((-2)/(-100)). Let y = 624 + b. What are the prime factors of y?
2, 19
Suppose 1973 - 383 = -53*x. Let d(v) = -38*v - 3. List the prime factors of d(x).
3, 379
Suppose 0 = -2*p - 153 + 59. Let a = p - -47. Suppose -d + 4*r + 74 = a, 176 = d + d - r. List the prime factors of d.
2, 3, 5
Suppose 32*u - 37*u - 5*f = -10, -2*u + 2*f + 20 = 0. Suppose u*t = -t + 1386. List the prime factors of t.
2, 3, 11
Let i = -84 + 127. Suppose 5*n - 42 - i = 0. Let u = n - -5. What are the prime factors of u?
2, 11
Let h be (-3 + 1)/((-589)/294 - -2). Suppose 0 = -3*x - 5*k + h, -3*x - 4*k = -x - 394. What are the prime factors of x?
191
Let q = 6998 + -2762. What are the prime factors of q?
2, 3, 353
Let b be (-3 - -2) + 6 + -2. Let g be (-27 - 1)*(-3 + b + -1). List the prime factors of -6 + g/5 + 562/5.
2, 7
Let l(m) = 104*m**2 + 17*m - 12. Let t be l(5). List the prime factors of t/3 + -17 + 20.
2, 3, 149
Let y = 0 - -2. Suppose y*o - 3*q + 12 - 44 = 0, -3*o - 3*q + 33 = 0. What are the prime factors of (32/(-8))/((-2)/o)?
2, 13
Suppose 0 = 95*f - 62*f - 442332. What are the prime factors of f?
2, 3, 1117
Suppose 11532 = a - 4*l, 1076 + 10431 = a + l. What are the prime factors of a?
2, 1439
Let z(l) = -l**3 + 8*l**2 - 7*l + 11. Let w be z(8). Let a = 51 + w. Let s(m) = m**3 - m**2 - 16*m - 3. List the prime factors of s(a).
3
Suppose 33*p - 340005 - 131834 = -10*p. List the prime factors of p.
10973
Suppose 10411*d + 350676 = 10447*d. List the prime factors of d.
3, 17, 191
Let c be -4 - (-24)/32*12. Suppose 3*f - 2*p + 2884 = c*f, 2*p = 3*f - 4316. List the prime factors of f.
2, 3, 5
Let f(d) = 13*d**2 + 10*d + 676. What are the prime factors of f(73)?
3, 23561
Let c(x) be the third derivative of 7*x**5/60 + 13*x**4/24 + 55*x**3/6 - 230*x**2. List the prime factors of c(-8).
3, 7, 19
Let i(l) = l - 1. Let a(z) = -15*z + 39. Let t(p) = -a(p) - 4*i(p). Let f be t(-7). Let n = f + 209. What are the prime factor